{"id":122,"date":"2015-04-30T20:05:04","date_gmt":"2015-04-30T20:05:04","guid":{"rendered":"http:\/\/www.salesianobelgrano.edu.ar\/?page_id=122"},"modified":"2019-07-19T00:46:23","modified_gmt":"2019-07-19T00:46:23","slug":"exploradores-de-don-bosco","status":"publish","type":"page","link":"https:\/\/www.salesianobelgrano.edu.ar\/?page_id=122","title":{"rendered":"Exploradores de Don Bosco"},"content":{"rendered":"<p><strong>ACTIVIDADES<br \/>\n<\/strong>Todos los s\u00e1bado y domingo realizamos actividades en las cuales se trabaja los valores cristianos, humanos y exploradoriles, poniendo a disposici\u00f3n de nuestros ni\u00f1os y j\u00f3venes din\u00e1micas y formaci\u00f3n para que podamos llegar a esos objetivos que trabajamos, con el fin de llagar a formar buenos cristianos y honrados ciudadanos.<\/p>\n<p>Realizamos 3 campamentos al a\u00f1o, excursiones, actividades al aire libre, banda de m\u00fasica, murga.<\/p>\n<p>Realizamos actividades con otros grupos y movimientos con el fin de poder compartir nuestro carisma y as\u00ed enriquecer la iglesia.<\/p>\n<p><strong>HORARIOS<\/strong><br \/>\nS\u00e1bados de 15.00 a 19.00 horas y Domingos de 9.30 a 12.00 horas para compartir la misa.<br \/>\nTe esperamos con Cuaderno y taza para merienda.<\/p>\n<p><strong><span style=\"color: #0000ff;\"><a style=\"color: #0000ff;\" href=\"https:\/\/www.facebook.com\/explosdetucuman\/\" target=\"_blank\" rel=\"noopener\">FACEBOOK DEL BATALL\u00d3N 8 DE LOS EXPLORADORES DE DON BOSCO<\/a><\/span><\/strong><\/p>\n<p><!-- index.php -->\n<div\n\tclass=\"ngg-galleryoverview\n\t ngg-ajax-pagination-none\t\"\n\tid=\"ngg-gallery-eea48afd38ddfa2e80bd6bed06a865bb-1\">\n\n\t\t\t<!-- Thumbnails -->\n\t\t\t\t<div id=\"ngg-image-0\" class=\"ngg-gallery-thumbnail-box\" \n\t\t\t\t\t\t\t\t\t\t\t>\n\t\t\t\t\t\t<div class=\"ngg-gallery-thumbnail\">\n\t\t\t<a href=\"https:\/\/www.salesianobelgrano.edu.ar\/wp-content\/gallery\/exploradores-de-don-bosco\/exploradores01.jpg\"\n\t\t\t\ttitle=\"\"\n\t\t\t\tdata-src=\"https:\/\/www.salesianobelgrano.edu.ar\/wp-content\/gallery\/exploradores-de-don-bosco\/exploradores01.jpg\"\n\t\t\t\tdata-thumbnail=\"https:\/\/www.salesianobelgrano.edu.ar\/wp-content\/gallery\/exploradores-de-don-bosco\/thumbs\/thumbs_exploradores01.jpg\"\n\t\t\t\tdata-image-id=\"103\"\n\t\t\t\tdata-title=\"exploradores01\"\n\t\t\t\tdata-description=\"\"\n\t\t\t\tdata-image-slug=\"exploradores01\"\n\t\t\t\tclass='thickbox' rel='eea48afd38ddfa2e80bd6bed06a865bb'>\n\t\t\t\t<img\n\t\t\t\t\ttitle=\"exploradores01\"\n\t\t\t\t\talt=\"exploradores01\"\n\t\t\t\t\tsrc=\"https:\/\/www.salesianobelgrano.edu.ar\/wp-content\/gallery\/exploradores-de-don-bosco\/cache\/exploradores01.jpg-nggid03103-ngg0dyn-100x80x100-00f0w010c011r110f110r010t010.jpg\"\n\t\t\t\t\twidth=\"100\"\n\t\t\t\t\theight=\"80\"\n\t\t\t\t\tstyle=\"max-width:100%;\"\n\t\t\t\t\/>\n\t\t\t<\/a>\n\t\t<\/div>\n\t\t\t\t\t\t\t<\/div> \n\t\t\t\n\t\t\t\t\t\t\t\n\t\t\t\t<div id=\"ngg-image-1\" class=\"ngg-gallery-thumbnail-box\" \n\t\t\t\t\t\t\t\t\t\t\t>\n\t\t\t\t\t\t<div class=\"ngg-gallery-thumbnail\">\n\t\t\t<a href=\"https:\/\/www.salesianobelgrano.edu.ar\/wp-content\/gallery\/exploradores-de-don-bosco\/exploradores02.jpg\"\n\t\t\t\ttitle=\"\"\n\t\t\t\tdata-src=\"https:\/\/www.salesianobelgrano.edu.ar\/wp-content\/gallery\/exploradores-de-don-bosco\/exploradores02.jpg\"\n\t\t\t\tdata-thumbnail=\"https:\/\/www.salesianobelgrano.edu.ar\/wp-content\/gallery\/exploradores-de-don-bosco\/thumbs\/thumbs_exploradores02.jpg\"\n\t\t\t\tdata-image-id=\"104\"\n\t\t\t\tdata-title=\"exploradores02\"\n\t\t\t\tdata-description=\"\"\n\t\t\t\tdata-image-slug=\"exploradores02\"\n\t\t\t\tclass='thickbox' rel='eea48afd38ddfa2e80bd6bed06a865bb'>\n\t\t\t\t<img\n\t\t\t\t\ttitle=\"exploradores02\"\n\t\t\t\t\talt=\"exploradores02\"\n\t\t\t\t\tsrc=\"https:\/\/www.salesianobelgrano.edu.ar\/wp-content\/gallery\/exploradores-de-don-bosco\/cache\/exploradores02.jpg-nggid03104-ngg0dyn-100x80x100-00f0w010c011r110f110r010t010.jpg\"\n\t\t\t\t\twidth=\"100\"\n\t\t\t\t\theight=\"80\"\n\t\t\t\t\tstyle=\"max-width:100%;\"\n\t\t\t\t\/>\n\t\t\t<\/a>\n\t\t<\/div>\n\t\t\t\t\t\t\t<\/div> \n\t\t\t\n\t\t\t\t\t\t\t\n\t\t\t\t<div id=\"ngg-image-2\" class=\"ngg-gallery-thumbnail-box\" \n\t\t\t\t\t\t\t\t\t\t\t>\n\t\t\t\t\t\t<div class=\"ngg-gallery-thumbnail\">\n\t\t\t<a href=\"https:\/\/www.salesianobelgrano.edu.ar\/wp-content\/gallery\/exploradores-de-don-bosco\/exploradores03.jpg\"\n\t\t\t\ttitle=\"\"\n\t\t\t\tdata-src=\"https:\/\/www.salesianobelgrano.edu.ar\/wp-content\/gallery\/exploradores-de-don-bosco\/exploradores03.jpg\"\n\t\t\t\tdata-thumbnail=\"https:\/\/www.salesianobelgrano.edu.ar\/wp-content\/gallery\/exploradores-de-don-bosco\/thumbs\/thumbs_exploradores03.jpg\"\n\t\t\t\tdata-image-id=\"105\"\n\t\t\t\tdata-title=\"exploradores03\"\n\t\t\t\tdata-description=\"\"\n\t\t\t\tdata-image-slug=\"exploradores03\"\n\t\t\t\tclass='thickbox' rel='eea48afd38ddfa2e80bd6bed06a865bb'>\n\t\t\t\t<img\n\t\t\t\t\ttitle=\"exploradores03\"\n\t\t\t\t\talt=\"exploradores03\"\n\t\t\t\t\tsrc=\"https:\/\/www.salesianobelgrano.edu.ar\/wp-content\/gallery\/exploradores-de-don-bosco\/cache\/exploradores03.jpg-nggid03105-ngg0dyn-100x80x100-00f0w010c011r110f110r010t010.jpg\"\n\t\t\t\t\twidth=\"100\"\n\t\t\t\t\theight=\"80\"\n\t\t\t\t\tstyle=\"max-width:100%;\"\n\t\t\t\t\/>\n\t\t\t<\/a>\n\t\t<\/div>\n\t\t\t\t\t\t\t<\/div> \n\t\t\t\n\t\t\t\t\t\t\t\n\t\t\t\t<div id=\"ngg-image-3\" class=\"ngg-gallery-thumbnail-box\" \n\t\t\t\t\t\t\t\t\t\t\t>\n\t\t\t\t\t\t<div class=\"ngg-gallery-thumbnail\">\n\t\t\t<a href=\"https:\/\/www.salesianobelgrano.edu.ar\/wp-content\/gallery\/exploradores-de-don-bosco\/exploradores04.jpg\"\n\t\t\t\ttitle=\"\"\n\t\t\t\tdata-src=\"https:\/\/www.salesianobelgrano.edu.ar\/wp-content\/gallery\/exploradores-de-don-bosco\/exploradores04.jpg\"\n\t\t\t\tdata-thumbnail=\"https:\/\/www.salesianobelgrano.edu.ar\/wp-content\/gallery\/exploradores-de-don-bosco\/thumbs\/thumbs_exploradores04.jpg\"\n\t\t\t\tdata-image-id=\"106\"\n\t\t\t\tdata-title=\"exploradores04\"\n\t\t\t\tdata-description=\"\"\n\t\t\t\tdata-image-slug=\"exploradores04\"\n\t\t\t\tclass='thickbox' rel='eea48afd38ddfa2e80bd6bed06a865bb'>\n\t\t\t\t<img\n\t\t\t\t\ttitle=\"exploradores04\"\n\t\t\t\t\talt=\"exploradores04\"\n\t\t\t\t\tsrc=\"https:\/\/www.salesianobelgrano.edu.ar\/wp-content\/gallery\/exploradores-de-don-bosco\/cache\/exploradores04.jpg-nggid03106-ngg0dyn-100x80x100-00f0w010c011r110f110r010t010.jpg\"\n\t\t\t\t\twidth=\"100\"\n\t\t\t\t\theight=\"80\"\n\t\t\t\t\tstyle=\"max-width:100%;\"\n\t\t\t\t\/>\n\t\t\t<\/a>\n\t\t<\/div>\n\t\t\t\t\t\t\t<\/div> \n\t\t\t\n\t\t\t\t\t\t\t\n\t\t\t\t<div id=\"ngg-image-4\" class=\"ngg-gallery-thumbnail-box\" \n\t\t\t\t\t\t\t\t\t\t\t>\n\t\t\t\t\t\t<div class=\"ngg-gallery-thumbnail\">\n\t\t\t<a href=\"https:\/\/www.salesianobelgrano.edu.ar\/wp-content\/gallery\/exploradores-de-don-bosco\/exploradores05.jpg\"\n\t\t\t\ttitle=\"\"\n\t\t\t\tdata-src=\"https:\/\/www.salesianobelgrano.edu.ar\/wp-content\/gallery\/exploradores-de-don-bosco\/exploradores05.jpg\"\n\t\t\t\tdata-thumbnail=\"https:\/\/www.salesianobelgrano.edu.ar\/wp-content\/gallery\/exploradores-de-don-bosco\/thumbs\/thumbs_exploradores05.jpg\"\n\t\t\t\tdata-image-id=\"107\"\n\t\t\t\tdata-title=\"exploradores05\"\n\t\t\t\tdata-description=\"\"\n\t\t\t\tdata-image-slug=\"exploradores05\"\n\t\t\t\tclass='thickbox' rel='eea48afd38ddfa2e80bd6bed06a865bb'>\n\t\t\t\t<img\n\t\t\t\t\ttitle=\"exploradores05\"\n\t\t\t\t\talt=\"exploradores05\"\n\t\t\t\t\tsrc=\"https:\/\/www.salesianobelgrano.edu.ar\/wp-content\/gallery\/exploradores-de-don-bosco\/cache\/exploradores05.jpg-nggid03107-ngg0dyn-100x80x100-00f0w010c011r110f110r010t010.jpg\"\n\t\t\t\t\twidth=\"100\"\n\t\t\t\t\theight=\"80\"\n\t\t\t\t\tstyle=\"max-width:100%;\"\n\t\t\t\t\/>\n\t\t\t<\/a>\n\t\t<\/div>\n\t\t\t\t\t\t\t<\/div> \n\t\t\t\n\t\t\t\t\t\t\t\t\t<br style=\"clear: both\" \/>\n\t\t\t\t\t\n\t\t\t\t<div id=\"ngg-image-5\" class=\"ngg-gallery-thumbnail-box\" \n\t\t\t\t\t\t\t\t\t\t\t>\n\t\t\t\t\t\t<div class=\"ngg-gallery-thumbnail\">\n\t\t\t<a href=\"https:\/\/www.salesianobelgrano.edu.ar\/wp-content\/gallery\/exploradores-de-don-bosco\/exploradores06.jpg\"\n\t\t\t\ttitle=\"\"\n\t\t\t\tdata-src=\"https:\/\/www.salesianobelgrano.edu.ar\/wp-content\/gallery\/exploradores-de-don-bosco\/exploradores06.jpg\"\n\t\t\t\tdata-thumbnail=\"https:\/\/www.salesianobelgrano.edu.ar\/wp-content\/gallery\/exploradores-de-don-bosco\/thumbs\/thumbs_exploradores06.jpg\"\n\t\t\t\tdata-image-id=\"108\"\n\t\t\t\tdata-title=\"exploradores06\"\n\t\t\t\tdata-description=\"\"\n\t\t\t\tdata-image-slug=\"exploradores06\"\n\t\t\t\tclass='thickbox' rel='eea48afd38ddfa2e80bd6bed06a865bb'>\n\t\t\t\t<img\n\t\t\t\t\ttitle=\"exploradores06\"\n\t\t\t\t\talt=\"exploradores06\"\n\t\t\t\t\tsrc=\"https:\/\/www.salesianobelgrano.edu.ar\/wp-content\/gallery\/exploradores-de-don-bosco\/cache\/exploradores06.jpg-nggid03108-ngg0dyn-100x80x100-00f0w010c011r110f110r010t010.jpg\"\n\t\t\t\t\twidth=\"100\"\n\t\t\t\t\theight=\"80\"\n\t\t\t\t\tstyle=\"max-width:100%;\"\n\t\t\t\t\/>\n\t\t\t<\/a>\n\t\t<\/div>\n\t\t\t\t\t\t\t<\/div> \n\t\t\t\n\t\t\t\t\t\t\t\n\t\t\t\t<div id=\"ngg-image-6\" class=\"ngg-gallery-thumbnail-box\" \n\t\t\t\t\t\t\t\t\t\t\t>\n\t\t\t\t\t\t<div class=\"ngg-gallery-thumbnail\">\n\t\t\t<a href=\"https:\/\/www.salesianobelgrano.edu.ar\/wp-content\/gallery\/exploradores-de-don-bosco\/exploradores07.jpg\"\n\t\t\t\ttitle=\"\"\n\t\t\t\tdata-src=\"https:\/\/www.salesianobelgrano.edu.ar\/wp-content\/gallery\/exploradores-de-don-bosco\/exploradores07.jpg\"\n\t\t\t\tdata-thumbnail=\"https:\/\/www.salesianobelgrano.edu.ar\/wp-content\/gallery\/exploradores-de-don-bosco\/thumbs\/thumbs_exploradores07.jpg\"\n\t\t\t\tdata-image-id=\"109\"\n\t\t\t\tdata-title=\"exploradores07\"\n\t\t\t\tdata-description=\"\"\n\t\t\t\tdata-image-slug=\"exploradores07\"\n\t\t\t\tclass='thickbox' rel='eea48afd38ddfa2e80bd6bed06a865bb'>\n\t\t\t\t<img\n\t\t\t\t\ttitle=\"exploradores07\"\n\t\t\t\t\talt=\"exploradores07\"\n\t\t\t\t\tsrc=\"https:\/\/www.salesianobelgrano.edu.ar\/wp-content\/gallery\/exploradores-de-don-bosco\/cache\/exploradores07.jpg-nggid03109-ngg0dyn-100x80x100-00f0w010c011r110f110r010t010.jpg\"\n\t\t\t\t\twidth=\"100\"\n\t\t\t\t\theight=\"80\"\n\t\t\t\t\tstyle=\"max-width:100%;\"\n\t\t\t\t\/>\n\t\t\t<\/a>\n\t\t<\/div>\n\t\t\t\t\t\t\t<\/div> \n\t\t\t\n\t\t\t\t\t\t\t\n\t\t\n\t\t<!-- Pagination -->\n\t\t<div class='ngg-clear'><\/div>\t<\/div>\n<\/p>\n<p><strong>HISTORIA<\/strong><br \/>\nDesde 1882, se hac\u00edan gestiones desde el Gobierno para que los salesianos vinieran a Tucum\u00e1n. Pero en 1916 se concreta el objetivo, con la llegada del padre Lorenzo Massa. Su misi\u00f3n era tomar posesi\u00f3n de la propiedad que hab\u00eda donado el padre Zabaleta para comprobar en qu\u00e9 condiciones se encontraba. En la casa, donde funcionaba la Escuela de Artes y Oficios General Belgrano, hab\u00eda 11 ni\u00f1os internos. Pero no estaba en condiciones de alojar un colegio y ten\u00eda deudas hipotecarias. Los primeros a\u00f1os fueron de intenso crecimiento.<\/p>\n<p>En el a\u00f1o 1916 el padre Lorenzo Massa, env\u00eda una carta al obispado de Tucum\u00e1n que en su momento conduc\u00eda la iglesia el obispo monse\u00f1or Bernab\u00e9 Piedrauena, pidiendo la dispensa y la bendici\u00f3n para fundar el batall\u00f3n de exploradores de Don Bosco, como lo hab\u00eda realizado en Buenos Aires el a\u00f1o anterior. El 25 de abril del corriente a\u00f1o se inaugura oficialmente el batall\u00f3n n \u00b0 8 General Belgrano.<\/p>\n<p>Todos estos sue\u00f1os realizados ten\u00edan la misi\u00f3n de formar buenos cristianos y honrados ciudadanos, que es el legado que nos dejo nuestro padre Don Bosco, misi\u00f3n que se realiza desde hace 99 a\u00f1os.<\/p>\n","protected":false},"excerpt":{"rendered":"<p>ACTIVIDADES Todos los s\u00e1bado y domingo realizamos actividades en las cuales se trabaja los valores cristianos, humanos y exploradoriles, poniendo a disposici\u00f3n de nuestros ni\u00f1os y j\u00f3venes din\u00e1micas y formaci\u00f3n para que podamos llegar a esos objetivos que trabajamos, con el fin de llagar a formar buenos cristianos y honrados ciudadanos. Realizamos 3 campamentos al &hellip; <a href=\"https:\/\/www.salesianobelgrano.edu.ar\/?page_id=122\" class=\"more-link\">Sigue leyendo <span class=\"screen-reader-text\">Exploradores de Don Bosco<\/span><\/a><\/p>\n","protected":false},"author":1,"featured_media":555,"parent":120,"menu_order":0,"comment_status":"open","ping_status":"open","template":"","meta":{"ngg_post_thumbnail":0,"footnotes":""},"class_list":["post-122","page","type-page","status-publish","has-post-thumbnail","hentry"],"_links":{"self":[{"href":"https:\/\/www.salesianobelgrano.edu.ar\/index.php?rest_route=\/wp\/v2\/pages\/122","targetHints":{"allow":["GET"]}}],"collection":[{"href":"https:\/\/www.salesianobelgrano.edu.ar\/index.php?rest_route=\/wp\/v2\/pages"}],"about":[{"href":"https:\/\/www.salesianobelgrano.edu.ar\/index.php?rest_route=\/wp\/v2\/types\/page"}],"author":[{"embeddable":true,"href":"https:\/\/www.salesianobelgrano.edu.ar\/index.php?rest_route=\/wp\/v2\/users\/1"}],"replies":[{"embeddable":true,"href":"https:\/\/www.salesianobelgrano.edu.ar\/index.php?rest_route=%2Fwp%2Fv2%2Fcomments&post=122"}],"version-history":[{"count":8,"href":"https:\/\/www.salesianobelgrano.edu.ar\/index.php?rest_route=\/wp\/v2\/pages\/122\/revisions"}],"predecessor-version":[{"id":5421,"href":"https:\/\/www.salesianobelgrano.edu.ar\/index.php?rest_route=\/wp\/v2\/pages\/122\/revisions\/5421"}],"up":[{"embeddable":true,"href":"https:\/\/www.salesianobelgrano.edu.ar\/index.php?rest_route=\/wp\/v2\/pages\/120"}],"wp:featuredmedia":[{"embeddable":true,"href":"https:\/\/www.salesianobelgrano.edu.ar\/index.php?rest_route=\/wp\/v2\/media\/555"}],"wp:attachment":[{"href":"https:\/\/www.salesianobelgrano.edu.ar\/index.php?rest_route=%2Fwp%2Fv2%2Fmedia&parent=122"}],"curies":[{"name":"wp","href":"https:\/\/api.w.org\/{rel}","templated":true}]}}