{"id":53,"date":"2015-04-24T21:24:38","date_gmt":"2015-04-24T21:24:38","guid":{"rendered":"http:\/\/www.salesianobelgrano.edu.ar\/?page_id=53"},"modified":"2016-07-25T13:10:50","modified_gmt":"2016-07-25T13:10:50","slug":"sistema-preventivo","status":"publish","type":"page","link":"https:\/\/www.salesianobelgrano.edu.ar\/?page_id=53","title":{"rendered":"Sistema Preventivo"},"content":{"rendered":"<p>Don Bosco desarroll\u00f3 la experiencia pedag\u00f3gica del <strong>Sistema Preventivo<\/strong> mientras vivi\u00f3 una misi\u00f3n particular de Dios entre los j\u00f3venes pobres de Tur\u00edn. Este sistema\u00a0es entonces la expresi\u00f3n de la llamada particular de\u00a0Dios,\u00a0para dedicar su vida a la misi\u00f3n educativa y evangelizadora entre los j\u00f3venes pobres. En otras palabras, es la experiencia espiritual y educativa de Don Bosco en el Oratorio de Valdocco.<\/p>\n<p>El Sistema Preventivo es la fuente y la inspiraci\u00f3n de nuestra forma de vivir la misi\u00f3n educativa salesiana, que en la familia de Don Bosco\u00a0llamamos <strong>Pastoral Juvenil Salesiana<\/strong>. Sus opciones\u00a0son la opci\u00f3n juvenil, la educaci\u00f3n evangelizadora, la opci\u00f3n comunitaria, la animaci\u00f3n pedag\u00f3gica, la pastoral org\u00e1nica y articulada y la significatividad eclesial y ciudadana.<\/p>\n<p>La llamada que Dios le dirigi\u00f3 a <strong>Don Bosco<\/strong> y a la\u00a0<strong>Madre Mazzarello<\/strong> para trabajar por la salvaci\u00f3n de la juventud, especialmente de los j\u00f3venes m\u00e1s pobres, nos convoca tambi\u00e9n a nosotros a vivir, en primer lugar, una espiritualidad, y a participar as\u00ed en una tarea educativa y pastoral, la de ser signos y portadores del amor de Dios a los j\u00f3venes. Por ello actualmente la Familia Salesiana se dedica a buscar el bien de las personas desde lo m\u00e1s precioso de cada interioridad: el amor de Dios vivo en cada coraz\u00f3n.<\/p>\n<p>El Sistema Preventivo, el <strong>Esp\u00edritu Salesiano<\/strong>, pertenece as\u00ed a la esencia de la Misi\u00f3n Salesiana, es la s\u00edntesis de cuanto Don Bosco quiso ser, es el n\u00facleo de su programa y proyecto pedag\u00f3gico y pastoral. Es una rica s\u00edntesis de experiencia espiritual, una metodolog\u00eda pedag\u00f3gica y una propuesta de evangelizaci\u00f3n juvenil.<\/p>\n<p>El Sistema Preventivo:<br \/>\n1) Es <strong>Experiencia Espiritual<\/strong>, por cuanto parte de la originalidad de cada persona. Requiere as\u00ed el servicio educativo de la presencia animadora, de lo que llamamos la Asistencia Salesiana. Es el servicio del acompa\u00f1amiento y de la animaci\u00f3n en reciprocidad y que se dirige a la potencialidad humana de cada joven, en una armoniosa colaboraci\u00f3n entre la naturaleza y la Gracia de Dios.<\/p>\n<p>2) es una <strong>Metodolog\u00eda Pedag\u00f3gica<\/strong> y se expresa en actitudes t\u00edpicas: la b\u00fasqueda y el encuentro, la presencia y el di\u00e1logo, la propuesta y el acompa\u00f1amiento integral (<em>cfr. CGXX, 360<\/em>), todo ello vivido en el dinamismo pedag\u00f3gico espiritual de un clima de familia que se crea por todos en la Comunidad Educativa Pastoral, como ocurri\u00f3 con Don Bosco, sus colaboradores y j\u00f3venes en el oratorio de Valdocco.<\/p>\n<p>3) es <strong>Propuesta de Evangelizaci\u00f3n Juvenil<\/strong> porque se inspira en un modo propio de vivir el Evangelio de Jesucristo, la Espiritualidad Juvenil Salesiana. Es un estilo de santidad educativa propuesto desde Don Bosco a cada joven para que crezca en Cristo (<em>Cfr Const. 11<\/em>).<\/p>\n<p><strong>LOS RASGOS DE LA ESPIRITUALIDAD JUVENIL SALESIANA<br \/>\n<\/strong>El secreto del \u00e9xito de Don Bosco educador y de su intensa caridad pastoral, es decir, aquella energ\u00eda interior que une inseparablemente en \u00e9l, el amor a Dios y el amor al pr\u00f3jimo, logra establecer una s\u00edntesis entre actividad evangelizadora y actividad educativa. La espiritualidad salesiana, expresi\u00f3n concreta de esta caridad pastoral, constituye, un elemento fundamental de la acci\u00f3n pastoral. Es su fuente de vitalidad evang\u00e9lica, su principio de inspiraci\u00f3n y de identidad, su criterio de orientaci\u00f3n.<br \/>\nEsta espiritualidad se puede sintetizar de modo sencillo: <strong>vivir siempre alegre, con Cristo, en la Iglesia para el bien de la sociedad, especialmente para los j\u00f3venes m\u00e1s pobres.<\/strong><\/p>\n<p>Lo cotidiano se vive en la presencia de Dios. La vida es el lugar de la respuesta de la vocaci\u00f3n humana, cristiana y religiosa. La disciplina y el sentido del deber entrenan en la templanza de la madurez espiritual. La presencia cercana y viva de Dios se contempla en la sencillez de lo cotidiano, como Mar\u00eda, que conservaba todo en su coraz\u00f3n (Lc 2, 53).<\/p>\n<p>La alegr\u00eda y el optimismo brotan en qui\u00e9n se reconoce en el camino de las bienaventuranzas. El clima sereno y familiar alimenta la reciprocidad. Vivir en la Gracia de Dios permite, como Mar\u00eda, cantar la alegr\u00eda y la justicia del Se\u00f1or (Lc 1,46-55).<\/p>\n<p>La Persona de Cristo impregna la vida con su Palabra, su Cuerpo y su Sangre. Cristo, amigo, alimento y perd\u00f3n, mantiene vigilante el coraz\u00f3n para cuidar el tesoro encontrado: la Gracia de Dios. Con el testimonio de Mar\u00eda, la persona aprende a escuchar a Cristo y a celebrar el tiempo de Dios (cf. Jn 2, 1-5).<\/p>\n<p>El sentido de la Iglesia se vive en la comuni\u00f3n, en el servicio evangelizador y la celebraci\u00f3n de la fe. Al lado de la Virgen, como Juan (cf. Jn 19, 26-27), la persona acepta los encargos de Dios para servir a los dem\u00e1s.<\/p>\n<p>El ardor de la Caridad Educativa motiva al servicio de la sociedad desde el Evangelio. Como Mar\u00eda que al saber de la situaci\u00f3n de Isabel va presurosa a servirla y a llenarla de la alegr\u00eda del Se\u00f1or (cf. Lc 1,39-45), as\u00ed la persona sabe ir al encuentro de este mundo para descubrir en cada circunstancia los gemidos del Esp\u00edritu.<\/p>\n<p><strong>Siempre Alegres, con Cristo en la Iglesia para el Mundo, como Mar\u00eda.<\/strong><\/p>\n","protected":false},"excerpt":{"rendered":"<p>Don Bosco desarroll\u00f3 la experiencia pedag\u00f3gica del Sistema Preventivo mientras vivi\u00f3 una misi\u00f3n particular de Dios entre los j\u00f3venes pobres de Tur\u00edn. Este sistema\u00a0es entonces la expresi\u00f3n de la llamada particular de\u00a0Dios,\u00a0para dedicar su vida a la misi\u00f3n educativa y evangelizadora entre los j\u00f3venes pobres. En otras palabras, es la experiencia espiritual y educativa de &hellip; <a href=\"https:\/\/www.salesianobelgrano.edu.ar\/?page_id=53\" class=\"more-link\">Sigue leyendo <span class=\"screen-reader-text\">Sistema Preventivo<\/span><\/a><\/p>\n","protected":false},"author":1,"featured_media":416,"parent":46,"menu_order":0,"comment_status":"open","ping_status":"open","template":"","meta":{"ngg_post_thumbnail":0,"footnotes":""},"class_list":["post-53","page","type-page","status-publish","has-post-thumbnail","hentry"],"_links":{"self":[{"href":"https:\/\/www.salesianobelgrano.edu.ar\/index.php?rest_route=\/wp\/v2\/pages\/53","targetHints":{"allow":["GET"]}}],"collection":[{"href":"https:\/\/www.salesianobelgrano.edu.ar\/index.php?rest_route=\/wp\/v2\/pages"}],"about":[{"href":"https:\/\/www.salesianobelgrano.edu.ar\/index.php?rest_route=\/wp\/v2\/types\/page"}],"author":[{"embeddable":true,"href":"https:\/\/www.salesianobelgrano.edu.ar\/index.php?rest_route=\/wp\/v2\/users\/1"}],"replies":[{"embeddable":true,"href":"https:\/\/www.salesianobelgrano.edu.ar\/index.php?rest_route=%2Fwp%2Fv2%2Fcomments&post=53"}],"version-history":[{"count":6,"href":"https:\/\/www.salesianobelgrano.edu.ar\/index.php?rest_route=\/wp\/v2\/pages\/53\/revisions"}],"predecessor-version":[{"id":2398,"href":"https:\/\/www.salesianobelgrano.edu.ar\/index.php?rest_route=\/wp\/v2\/pages\/53\/revisions\/2398"}],"up":[{"embeddable":true,"href":"https:\/\/www.salesianobelgrano.edu.ar\/index.php?rest_route=\/wp\/v2\/pages\/46"}],"wp:featuredmedia":[{"embeddable":true,"href":"https:\/\/www.salesianobelgrano.edu.ar\/index.php?rest_route=\/wp\/v2\/media\/416"}],"wp:attachment":[{"href":"https:\/\/www.salesianobelgrano.edu.ar\/index.php?rest_route=%2Fwp%2Fv2%2Fmedia&parent=53"}],"curies":[{"name":"wp","href":"https:\/\/api.w.org\/{rel}","templated":true}]}}

<p>Don Bosco desarrolló la experiencia pedagógica del <strong>Sistema Preventivo</strong> mientras vivió una misión particular de Dios entre los jóvenes pobres de Turín. Este sistema es entonces la expresión de la llamada particular de Dios, para dedicar su vida a la misión educativa y evangelizadora entre los jóvenes pobres. En otras palabras, es la experiencia espiritual y educativa de Don Bosco en el Oratorio de Valdocco.</p>
<p>El Sistema Preventivo es la fuente y la inspiración de nuestra forma de vivir la misión educativa salesiana, que en la familia de Don Bosco llamamos <strong>Pastoral Juvenil Salesiana</strong>. Sus opciones son la opción juvenil, la educación evangelizadora, la opción comunitaria, la animación pedagógica, la pastoral orgánica y articulada y la significatividad eclesial y ciudadana.</p>
<p>La llamada que Dios le dirigió a <strong>Don Bosco</strong> y a la <strong>Madre Mazzarello</strong> para trabajar por la salvación de la juventud, especialmente de los jóvenes más pobres, nos convoca también a nosotros a vivir, en primer lugar, una espiritualidad, y a participar así en una tarea educativa y pastoral, la de ser signos y portadores del amor de Dios a los jóvenes. Por ello actualmente la Familia Salesiana se dedica a buscar el bien de las personas desde lo más precioso de cada interioridad: el amor de Dios vivo en cada corazón.</p>
<p>El Sistema Preventivo, el <strong>Espíritu Salesiano</strong>, pertenece así a la esencia de la Misión Salesiana, es la síntesis de cuanto Don Bosco quiso ser, es el núcleo de su programa y proyecto pedagógico y pastoral. Es una rica síntesis de experiencia espiritual, una metodología pedagógica y una propuesta de evangelización juvenil.</p>
<p>El Sistema Preventivo:<br />
1) Es <strong>Experiencia Espiritual</strong>, por cuanto parte de la originalidad de cada persona. Requiere así el servicio educativo de la presencia animadora, de lo que llamamos la Asistencia Salesiana. Es el servicio del acompañamiento y de la animación en reciprocidad y que se dirige a la potencialidad humana de cada joven, en una armoniosa colaboración entre la naturaleza y la Gracia de Dios.</p>
<p>2) es una <strong>Metodología Pedagógica</strong> y se expresa en actitudes típicas: la búsqueda y el encuentro, la presencia y el diálogo, la propuesta y el acompañamiento integral (<em>cfr. CGXX, 360</em>), todo ello vivido en el dinamismo pedagógico espiritual de un clima de familia que se crea por todos en la Comunidad Educativa Pastoral, como ocurrió con Don Bosco, sus colaboradores y jóvenes en el oratorio de Valdocco.</p>
<p>3) es <strong>Propuesta de Evangelización Juvenil</strong> porque se inspira en un modo propio de vivir el Evangelio de Jesucristo, la Espiritualidad Juvenil Salesiana. Es un estilo de santidad educativa propuesto desde Don Bosco a cada joven para que crezca en Cristo (<em>Cfr Const. 11</em>).</p>
<p><strong>LOS RASGOS DE LA ESPIRITUALIDAD JUVENIL SALESIANA<br />
</strong>El secreto del éxito de Don Bosco educador y de su intensa caridad pastoral, es decir, aquella energía interior que une inseparablemente en él, el amor a Dios y el amor al prójimo, logra establecer una síntesis entre actividad evangelizadora y actividad educativa. La espiritualidad salesiana, expresión concreta de esta caridad pastoral, constituye, un elemento fundamental de la acción pastoral. Es su fuente de vitalidad evangélica, su principio de inspiración y de identidad, su criterio de orientación.<br />
Esta espiritualidad se puede sintetizar de modo sencillo: <strong>vivir siempre alegre, con Cristo, en la Iglesia para el bien de la sociedad, especialmente para los jóvenes más pobres.</strong></p>
<p>Lo cotidiano se vive en la presencia de Dios. La vida es el lugar de la respuesta de la vocación humana, cristiana y religiosa. La disciplina y el sentido del deber entrenan en la templanza de la madurez espiritual. La presencia cercana y viva de Dios se contempla en la sencillez de lo cotidiano, como María, que conservaba todo en su corazón (Lc 2, 53).</p>
<p>La alegría y el optimismo brotan en quién se reconoce en el camino de las bienaventuranzas. El clima sereno y familiar alimenta la reciprocidad. Vivir en la Gracia de Dios permite, como María, cantar la alegría y la justicia del Señor (Lc 1,46-55).</p>
<p>La Persona de Cristo impregna la vida con su Palabra, su Cuerpo y su Sangre. Cristo, amigo, alimento y perdón, mantiene vigilante el corazón para cuidar el tesoro encontrado: la Gracia de Dios. Con el testimonio de María, la persona aprende a escuchar a Cristo y a celebrar el tiempo de Dios (cf. Jn 2, 1-5).</p>
<p>El sentido de la Iglesia se vive en la comunión, en el servicio evangelizador y la celebración de la fe. Al lado de la Virgen, como Juan (cf. Jn 19, 26-27), la persona acepta los encargos de Dios para servir a los demás.</p>
<p>El ardor de la Caridad Educativa motiva al servicio de la sociedad desde el Evangelio. Como María que al saber de la situación de Isabel va presurosa a servirla y a llenarla de la alegría del Señor (cf. Lc 1,39-45), así la persona sabe ir al encuentro de este mundo para descubrir en cada circunstancia los gemidos del Espíritu.</p>
<p><strong>Siempre Alegres, con Cristo en la Iglesia para el Mundo, como María.</strong></p>

<p>Don Bosco desarrolló la experiencia pedagógica del Sistema Preventivo mientras vivió una misión particular de Dios entre los jóvenes pobres de Turín. Este sistema es entonces la expresión de la llamada particular de Dios, para dedicar su vida a la misión educativa y evangelizadora entre los jóvenes pobres. En otras palabras, es la experiencia espiritual y educativa de &hellip; <a href="https://www.salesianobelgrano.edu.ar/?page_id=53" class="more-link">Sigue leyendo <span class="screen-reader-text">Sistema Preventivo</span></a></p>
