{"id":77,"date":"2015-04-30T19:43:23","date_gmt":"2015-04-30T19:43:23","guid":{"rendered":"http:\/\/www.salesianobelgrano.edu.ar\/?page_id=77"},"modified":"2015-05-23T15:57:51","modified_gmt":"2015-05-23T15:57:51","slug":"objetivos-institucionales","status":"publish","type":"page","link":"https:\/\/www.salesianobelgrano.edu.ar\/?page_id=77","title":{"rendered":"Objetivos Institucionales"},"content":{"rendered":"<ul>\n<li>Asumir que el Proyecto Educativo Salesiano apunta a su destinatario preferencial: el joven en sus diferentes etapas evolutivas, formulando itinerarios para llegar a su formaci\u00f3n integral atendiendo a todas sus dimensiones: ser espiritual abierto a la trascendencia, ser abierto a los dem\u00e1s, ser temporal que se desarrolla en la historia.<\/li>\n<\/ul>\n<ul>\n<li>Reconocer a la Comunidad Educativa Pastoral como agente privilegiado de evangelizaci\u00f3n inserta en la Iglesia local, en di\u00e1logo e intercambio rec\u00edproco con el medio circundante, respetuoso de la diversidad, solidario y defensores de la vida.<\/li>\n<\/ul>\n<ul>\n<li>Vivenciar educadores y educandos, una cultura institucional que asuma los valores del Evangelio para ser una propuesta superadora para la sociedad.<\/li>\n<\/ul>\n<ul>\n<li>Promover un alto compromiso Educativo Pastoral con los alumnos y sus familias, a trav\u00e9s de la informaci\u00f3n, formaci\u00f3n y participaci\u00f3n.<\/li>\n<\/ul>\n<ul>\n<li>Acompa\u00f1ar a los alumnos en el descubrimiento del propio proyecto de vida a trav\u00e9s de la oportuna orientaci\u00f3n vocacional y profesional.<\/li>\n<\/ul>\n<ul>\n<li>Optar por itinerarios educativos que promuevan los saberes espec\u00edficos que garanticen la calidad de la propuesta educativa.<\/li>\n<\/ul>\n<ul>\n<li>Privilegiar la formaci\u00f3n permanente de todos los miembros de la Comunidad Educativa Pastoral mediante la maduraci\u00f3n de la visi\u00f3n cristiana de la vida, la capacitaci\u00f3n profesional, la revisi\u00f3n en com\u00fan de lo realizado y la profundizaci\u00f3n en el sistema preventivo de Don Bosco.<\/li>\n<\/ul>\n","protected":false},"excerpt":{"rendered":"<p>Asumir que el Proyecto Educativo Salesiano apunta a su destinatario preferencial: el joven en sus diferentes etapas evolutivas, formulando itinerarios para llegar a su formaci\u00f3n integral atendiendo a todas sus dimensiones: ser espiritual abierto a la trascendencia, ser abierto a los dem\u00e1s, ser temporal que se desarrolla en la historia. Reconocer a la Comunidad Educativa &hellip; <a href=\"https:\/\/www.salesianobelgrano.edu.ar\/?page_id=77\" class=\"more-link\">Sigue leyendo <span class=\"screen-reader-text\">Objetivos Institucionales<\/span><\/a><\/p>\n","protected":false},"author":1,"featured_media":0,"parent":71,"menu_order":0,"comment_status":"open","ping_status":"open","template":"","meta":{"ngg_post_thumbnail":0,"footnotes":""},"class_list":["post-77","page","type-page","status-publish","hentry"],"_links":{"self":[{"href":"https:\/\/www.salesianobelgrano.edu.ar\/index.php?rest_route=\/wp\/v2\/pages\/77","targetHints":{"allow":["GET"]}}],"collection":[{"href":"https:\/\/www.salesianobelgrano.edu.ar\/index.php?rest_route=\/wp\/v2\/pages"}],"about":[{"href":"https:\/\/www.salesianobelgrano.edu.ar\/index.php?rest_route=\/wp\/v2\/types\/page"}],"author":[{"embeddable":true,"href":"https:\/\/www.salesianobelgrano.edu.ar\/index.php?rest_route=\/wp\/v2\/users\/1"}],"replies":[{"embeddable":true,"href":"https:\/\/www.salesianobelgrano.edu.ar\/index.php?rest_route=%2Fwp%2Fv2%2Fcomments&post=77"}],"version-history":[{"count":5,"href":"https:\/\/www.salesianobelgrano.edu.ar\/index.php?rest_route=\/wp\/v2\/pages\/77\/revisions"}],"predecessor-version":[{"id":210,"href":"https:\/\/www.salesianobelgrano.edu.ar\/index.php?rest_route=\/wp\/v2\/pages\/77\/revisions\/210"}],"up":[{"embeddable":true,"href":"https:\/\/www.salesianobelgrano.edu.ar\/index.php?rest_route=\/wp\/v2\/pages\/71"}],"wp:attachment":[{"href":"https:\/\/www.salesianobelgrano.edu.ar\/index.php?rest_route=%2Fwp%2Fv2%2Fmedia&parent=77"}],"curies":[{"name":"wp","href":"https:\/\/api.w.org\/{rel}","templated":true}]}}

<ul>
<li>Asumir que el Proyecto Educativo Salesiano apunta a su destinatario preferencial: el joven en sus diferentes etapas evolutivas, formulando itinerarios para llegar a su formación integral atendiendo a todas sus dimensiones: ser espiritual abierto a la trascendencia, ser abierto a los demás, ser temporal que se desarrolla en la historia.</li>
</ul>
<ul>
<li>Reconocer a la Comunidad Educativa Pastoral como agente privilegiado de evangelización inserta en la Iglesia local, en diálogo e intercambio recíproco con el medio circundante, respetuoso de la diversidad, solidario y defensores de la vida.</li>
</ul>
<ul>
<li>Vivenciar educadores y educandos, una cultura institucional que asuma los valores del Evangelio para ser una propuesta superadora para la sociedad.</li>
</ul>
<ul>
<li>Promover un alto compromiso Educativo Pastoral con los alumnos y sus familias, a través de la información, formación y participación.</li>
</ul>
<ul>
<li>Acompañar a los alumnos en el descubrimiento del propio proyecto de vida a través de la oportuna orientación vocacional y profesional.</li>
</ul>
<ul>
<li>Optar por itinerarios educativos que promuevan los saberes específicos que garanticen la calidad de la propuesta educativa.</li>
</ul>
<ul>
<li>Privilegiar la formación permanente de todos los miembros de la Comunidad Educativa Pastoral mediante la maduración de la visión cristiana de la vida, la capacitación profesional, la revisión en común de lo realizado y la profundización en el sistema preventivo de Don Bosco.</li>
</ul>

<p>Asumir que el Proyecto Educativo Salesiano apunta a su destinatario preferencial: el joven en sus diferentes etapas evolutivas, formulando itinerarios para llegar a su formación integral atendiendo a todas sus dimensiones: ser espiritual abierto a la trascendencia, ser abierto a los demás, ser temporal que se desarrolla en la historia. Reconocer a la Comunidad Educativa &hellip; <a href="https://www.salesianobelgrano.edu.ar/?page_id=77" class="more-link">Sigue leyendo <span class="screen-reader-text">Objetivos Institucionales</span></a></p>
